- 4. Let p = 666 - 432. Let k be 2/(-18) - p/81. What is b(k)?
5
Suppose 1 = z + 4*a - 26, 0 = 3*z + 4*a - 89. Let o = -25 + z. Let t(u) = 5*u**3 - 6*u**2 - 3*u**3 - 5 - 13*u**3 + 12*u**3. Calculate t(o).
-5
Let x(n) = 15*n**3 + 13*n**2 - 17 + 8*n - n + 3*n**3 - 17*n**3 + 13*n. What is x(-11)?
5
Suppose 0 = -3*s + g + 167, 0 = -0*s + 2*s - 5*g - 94. Suppose 3*i + 9 = 0, p = -s*i + 56*i - 9. Let m(d) = d + 5. What is m(p)?
-1
Let v(y) = -5*y - 113. Let t(n) = 30*n + 755. Let l(c) = 2*t(c) + 13*v(c). Calculate l(6).
11
Let n be 19/7 + (12/42)/1. Suppose -2*c - 6 = j, 0 = -n*j - 3*c - 2*c - 16. Let q(r) = -8*r - 1. Calculate q(j).
15
Let p = 13 + -8. Let h(a) be the first derivative of -a**3/3 + 5*a**2/2 + 6*a + 1203. Give h(p).
6
Suppose 9*z + 6 - 51 = 0. Suppose -z*m + m - 4*f = 4, 2*m + 1 = -f. Let s(a) = -a + 10. Give s(m).
10
Let l(j) = 8 + 8*j**2 - 8*j - 3*j**2 - 4*j**2. Let x be (5/(100/(-12)))/((-5)/50). Give l(x).
-4
Let q be (-1*1 - -3)*(-17)/(-17). Let u(c) = 2 + 6*c**q - 3 + c - 8*c**2. Let d be 3/(2*(-3 + 45/12)). Calculate u(d).
-7
Let i(a) = -a**2 + 6*a - 2. Suppose -5*r + 63 = -j, r - j = -4*j + 3. Suppose -105*h + 108*h - r = 0. Determine i(h).
6
Let c(a) = -7*a + 21. Let t(u) = u**3 - 8*u**2 + 47*u - 668. Let s be t(10). Determine c(s).
7
Let r = 3200 + -3166. Let s(h) = h**3 - 32*h**2 - 68*h - 11. Calculate s(r).
-11
Let d(i) = 3*i - 57. Let a(o) = -2*o + 30. Let c(g) = -2*a(g) - d(g). What is c(17)?
14
Let a(q) = 11*q + 10. Let v(l) = -l**3 + 98*l - 22. Let s be v(-10). Give a(s).
-12
Let d(v) be the third derivative of v**4/8 + 4*v**3 - 161*v**2 - 1. What is d(-6)?
6
Let h(l) = -1755 - 1756 + 2*l + 5268 - 1750. Calculate h(4).
15
Let h(y) = 11*y**2 + 20*y + 12. Let d(t) be the first derivative of -31*t**3/3 - 29*t**2 - 35*t - 36. Let x(k) = -6*d(k) - 17*h(k). Give x(8).
6
Let p(v) be the second derivative of -v**4/6 + v**2/2 + 282*v + 2. Let k = -20 - -8. Let z = k + 11. Give p(z).
-1
Let g(p) = 2*p**3 + 40*p**2 - 46*p + 1. Let f be g(-21). Suppose 7*j + 6 = -f. Let x(a) = -a**3 - 13*a**2 - 8. Determine x(j).
-8
Let u(y) = 3*y**2 - 6*y - 11. Suppose -h + 4 = a, 67*a - 68*a + 3*h = 24. Give u(a).
34
Let q(g) be the first derivative of 13*g**2/2 - 12*g + 3963. Give q(-8).
-116
Let s(o) = -3*o**3 + 2*o**2 + 29*o - 12. Let g(p) = -8*p**3 + 8*p**2 + 86*p - 34. Let a(x) = 4*g(x) - 11*s(x). What is a(-4)?
-8
Let t(v) = -v + 11. Suppose 0 = -5*h - h - 18. Let o(u) = -u + 11. Let l(n) = h*o(n) + 2*t(n). Let j be (-2)/(-4) + 5/(-10). Give l(j).
-11
Let o(t) = 6*t**2 + 73*t + 3. Let b(p) = 13*p**2 + 127*p + 5. Let z(k) = -4*b(k) + 7*o(k). What is z(3)?
-80
Let s(j) = j**3 + 6*j**2 - 7*j + 10. Let m be ((-8)/6)/(11 - (-5221)/(-483)). Give s(m).
10
Let q(a) = -3*a**3 + 12*a**2 + 15*a + 9. Let l(k) = -4*k**3 + 13*k**2 + 15*k + 8. Let s(d) = 2*l(d) - 3*q(d). Determine s(11).
-55
Let c(i) = 3*i**2 + i - 1. Let x(b) = -17*b**2 - 19*b + 14. Let n(o) = 6*c(o) + x(o). Determine n(13).
8
Let n(f) = -f**3 + 8*f**2 + 2*f - 12. Let a = -60 + 65. Suppose 13 + a = 6*s. Suppose 2*d = -s*j + 3*d + 22, 3*d = 6. Calculate n(j).
4
Let v(b) = 16 + 2*b**2 - 3*b**2 - 6*b + 2*b**2 - 10. Let k(a) = -2*a**3 - 4*a**2 + 6. Let u be k(-2). What is v(u)?
6
Suppose -3*j = -u - 6, j - 4*u = -u - 6. Suppose -7*l + j = -11. Suppose -7*v - 5 = -l*v. Let h(x) = -2*x. What is h(v)?
2
Let v(r) = -r**2 - 8*r - 8. Let q(k) = -k**2 - 9*k + 2. Let b(w) = 3*q(w) - 2*v(w). Determine b(-8).
46
Suppose -581*u + 185*u - 6 + 402 = 0. Let q(r) = -3*r**3 + r**2 - 3*r + 1. What is q(u)?
-4
Suppose 9*g = -39 + 147. Suppose -7 = 3*p + f - 19, 3*f = 3*p - g. Let l(i) = -4*i - 4 + 2*i + 1. Calculate l(p).
-11
Let a(u) = u + 4 + 0 + 0. Suppose 0 = -5*h - 4*g + 673, -g + 1 = -1. Let w = h - 126. Determine a(w).
11
Let s be (14/(-49))/((-1)/7). Let h(w) = -1 + 65*w + 57*w - 114*w + w**s. Give h(-7).
-8
Let b(q) = -92*q - 122*q - 7 - 135*q + 368*q. Calculate b(-6).
-121
Let y be (-2)/6 - (-28)/12. Let j(r) = -y*r + 44 + r - 47 + 0*r. Suppose -4*u + u = -9. Calculate j(u).
-6
Let g(x) = -5*x + 3. Let w = 681 + -656. Suppose -20 = 29*y - w*y. Calculate g(y).
28
Let u be (-14)/42*(-1 + -23)/1. Let v(n) = -n**3 + 9*n**2 - 4*n - 16. What is v(u)?
16
Let d(m) = -5*m + 34. Suppose -k - l + 12 = 0, 15*k - 13*k = -3*l + 23. Determine d(k).
-31
Let m(w) = 25 - 36 - 9*w + 4*w**2 + 0*w**2 + 17 - w**2. Determine m(6).
60
Let d(s) = -4*s + 8. Let u = -1998 - -1996. What is d(u)?
16
Let q be 12/(-18) + 22/6. Suppose 3*r + o + 38 = 7*r, q*r - 5*o - 20 = 0. Let x(s) = -8*s + r*s + s - 9. Give x(6).
9
Let f = 124 + -76. Suppose 5*y = 23 - f. Let k(n) = -n - 4. Determine k(y).
1
Let r be (0 - -46)*(2 - 65/26). Let s be (-2)/11*r - 48/264. Let x(i) be the first derivative of -2*i**3/3 + 5*i**2/2 + 4*i + 1. Calculate x(s).
-8
Let s be 74/((0 + (-2)/(-9))/(94/846)). Let g(k) = 3*k**3 - 109*k**2 - 74*k + 5. What is g(s)?
5
Suppose -2*i = -6*i - 4. Let j(p) be the second derivative of -1/2*p**2 - 3*p + 1/2*p**3 + 7. Calculate j(i).
-4
Let u(q) be the third derivative of q**6/120 + q**5/30 + q**4/24 + q**3/2 + 1218*q**2. Let z be (6/(-4))/((-3)/4). Let o be 11/(-3) - z/(-3). Calculate u(o).
-9
Suppose m = 5*n + 8, -3*m - 8*n + 24 = -3*n. Suppose -5 = m*j + 35. Let r(t) = 4*t - 4. Determine r(j).
-24
Let r(i) be the third derivative of i**6/60 - 3*i**5/5 - i**4/12 + 3*i**3/2 - 738*i**2 + i + 2. What is r(18)?
-27
Let i(q) = -30763 + 15*q - 72*q + 30790 + q**3 + 2*q**3 + 85*q**2. Give i(-29).
-2
Let o(a) = a**2 + 25*a + 114. Let d be o(-19). Let y(x) = x**3 - x**2 + 2*x + 10. Give y(d).
10
Let f(n) = n**2 - 11*n - 1. Let y(t) = 4*t**2 - 56*t + 30. Let d(v) = 5*f(v) - y(v). What is d(0)?
-35
Let f(r) = -2*r**2 + 12*r - 14. Let s = 3722 - 3718. Give f(s).
2
Let k(a) = a**2 + 19*a + 65. Let l = 3880 - 3886. Give k(l).
-13
Let g(t) be the first derivative of t**3/3 - 15*t**2 + 25*t - 2159. Calculate g(29).
-4
Suppose -2*l - 6 = -5*m, l + 3*l = 2*m - 12. Let n(b) = -2161*b + 5. Let i(o) = -7924*o + 19. Let h(d) = 3*i(d) - 11*n(d). What is h(m)?
2
Let u(o) = -o**3 - o**2 - o + 1. Let f(l) = 7*l**3 - 4*l**2 + 5*l + 1. Let a(v) = f(v) + 6*u(v). Let d be 5092/494 + 4/(-13). Determine a(d).
-3
Let f(l) = -l**2 + l. Let w(m) = m**3 + 2*m**2 + 11*m - 3. Let n(z) = 6*f(z) - w(z). Let v(h) = -59*h**2 + 168*h + 20. Let b be v(3). What is n(b)?
-11
Let b(l) = l**3 + 3*l**2 - l - 2. Let h(y) = 2*y**2 - y - 1. Let q be h(-1). Suppose u + 5 = q*u. Suppose -2 = -4*f - z - 20, 3*f = u*z - 2. What is b(f)?
-14
Suppose u - 3*l = -43, -l - 7 = -4. Let y = 48 + u. Let q be (-18)/y*8/6. Let s(g) = -g**2 + 6*g - 5. Give s(q).
-5
Let g(a) = -2*a**3 - 17*a**2 + 7*a - 31. Let s be g(-9). Let c(y) = 8*y + 100. Calculate c(s).
-4
Let s(y) = -3. Let o(l) = -l + 3. Let u(z) = -o(z) - 3*s(z). What is u(-11)?
-5
Let f(d) be the third derivative of d**4/24 - 11*d**3/3 + 510*d**2. Give f(4).
-18
Let z(y) be the first derivative of y**5/30 + 7*y**4/24 - y**3/3 + 159*y**2/2 + 88. Let i(u) be the second derivative of z(u). Calculate i(-6).
28
Let g(s) = s + 17. Let x be g(-13). Let m be (6 + 0 - 8)*2/x. Let d(n) = 15*n. Determine d(m).
-15
Let m = -14 + 18. Suppose -2*i + 80 = m*v + 3*i, 0 = -4*v - 2*i + 80. Suppose 5*g - v = -0. Let n(a) = -a**2 + 5*a - 5. What is n(g)?
-1
Let w(b) be the third derivative of -b**5/30 - b**4/6 + 7*b**3/6 + 1915*b**2. Calculate w(-3).
1
Let o = 1139 + -235. Let s = o - 903. Let f(l) = -38*l. What is f(s)?
-38
Let j be -1 - (2 - 1/1). Let b(s) = -4*s - 13. Let w(p) = 22*p - 6. Let l(a) = -2*a. Let f(m) = 12*l(m) + w(m). Let d(y) = 4*b(y) - 9*f(y). Give d(j).
-2
Let h be 35*(-14)/(-28) + -17. Let z(w) be the first derivative of 1/4*w**4 + 5*w + 27 + 0*w**3 - h*w**2. Determine z(0).
5
Let d(f) = -40*f. Let x(w) = w. Let v(c) = -d(c) - 3*x(c). Suppose 521*q - p = 516*q - 2, 5*p = 2*q + 33. What is v(q)?
37
Let i(v) be the second derivative of 7/6*v**3 - 12*v + 0 + 6*v**2 - 1/12*v**4. Determine i(8).
4
Let d = -7 + 3. Let u(x) be the first derivative of x**3/3 + 2*x**2 + 6*x + 7681. Determine u(d).
6
Let n(f) = 1 - 2*f + f**2 + 3*f + 10*f**2. Let s be -6 + (27/12)/((-8)/(-32)). Let a be -8 - (-3 - s) - -1. Calculate n(a).
11
Let h(p) = -13*p + 7. Let b(q) = -291*q + 156. Let n(f) = 2*b(f) - 45*h(f). Determine n(-4).
-15
Let d(s)